rs of 1385?
5, 277
What are the prime factors of 216?
2, 3
List the prime factors of 3677.
3677
List the prime factors of 20692.
2, 7, 739
What are the prime factors of 60643?
11, 37, 149
What are the prime factors of 397?
397
What are the prime factors of 19444?
2, 4861
What are the prime factors of 1051?
1051
What are the prime factors of 157609?
397
List the prime factors of 238.
2, 7, 17
What are the prime factors of 8798?
2, 53, 83
What are the prime factors of 1855?
5, 7, 53
List the prime factors of 2943.
3, 109
What are the prime factors of 5662?
2, 19, 149
What are the prime factors of 66151?
83, 797
List the prime factors of 30643.
30643
List the prime factors of 16037.
7, 29, 79
List the prime factors of 13824.
2, 3
What are the prime factors of 1962?
2, 3, 109
What are the prime factors of 30287?
31, 977
What are the prime factors of 13108?
2, 29, 113
What are the prime factors of 5715?
3, 5, 127
What are the prime factors of 6258?
2, 3, 7, 149
What are the prime factors of 22262?
2, 11131
List the prime factors of 23593.
23593
What are the prime factors of 78218?
2, 7, 37, 151
List the prime factors of 3799.
29, 131
What are the prime factors of 2511?
3, 31
List the prime factors of 1538.
2, 769
List the prime factors of 2101.
11, 191
What are the prime factors of 1847?
1847
What are the prime factors of 33917?
13, 2609
List the prime factors of 3519.
3, 17, 23
What are the prime factors of 22291?
22291
What are the prime factors of 4080?
2, 3, 5, 17
List the prime factors of 72150.
2, 3, 5, 13, 37
What are the prime factors of 4910?
2, 5, 491
What are the prime factors of 30506?
2, 7, 2179
List the prime factors of 16539.
3, 37, 149
List the prime factors of 4164.
2, 3, 347
List the prime factors of 6625.
5, 53
List the prime factors of 58.
2, 29
What are the prime factors of 46335?
3, 5, 3089
List the prime factors of 8523.
3, 947
List the prime factors of 26763.
3, 11, 811
List the prime factors of 16143.
3, 5381
What are the prime factors of 994?
2, 7, 71
List the prime factors of 301.
7, 43
What are the prime factors of 62664?
2, 3, 7, 373
List the prime factors of 164718.
2, 3, 9151
List the prime factors of 20428.
2, 5107
What are the prime factors of 420?
2, 3, 5, 7
List the prime factors of 973.
7, 139
List the prime factors of 66847.
11, 59, 103
What are the prime factors of 30729?
3, 10243
List the prime factors of 386.
2, 193
List the prime factors of 606.
2, 3, 101
What are the prime factors of 8315?
5, 1663
List the prime factors of 1983.
3, 661
List the prime factors of 30247.
7, 29, 149
List the prime factors of 5929.
7, 11
What are the prime factors of 85595?
5, 17, 19, 53
List the prime factors of 28077.
3, 7, 191
List the prime factors of 74572.
2, 103, 181
What are the prime factors of 12695?
5, 2539
List the prime factors of 53667.
3, 67, 89
List the prime factors of 753.
3, 251
What are the prime factors of 7363?
37, 199
List the prime factors of 27229.
73, 373
What are the prime factors of 2889?
3, 107
List the prime factors of 3084.
2, 3, 257
List the prime factors of 1575.
3, 5, 7
What are the prime factors of 18350?
2, 5, 367
List the prime factors of 3401.
19, 179
List the prime factors of 868.
2, 7, 31
List the prime factors of 7212.
2, 3, 601
What are the prime factors of 1342?
2, 11, 61
What are the prime factors of 27560?
2, 5, 13, 53
What are the prime factors of 21944?
2, 13, 211
What are the prime factors of 2037?
3, 7, 97
What are the prime factors of 91?
7, 13
List the prime factors of 131377.
79, 1663
List the prime factors of 8498.
2, 7, 607
What are the prime factors of 2179?
2179
List the prime factors of 40755.
3, 5, 11, 13, 19
List the prime factors of 6292.
2, 11, 13
List the prime factors of 47588.
2, 11897
List the prime factors of 988.
2, 13, 19
List the prime factors of 3.
3
List the prime factors of 151.
151
What are the prime factors of 11970?
2, 3, 5, 7, 19
What are the prime factors of 705?
3, 5, 47
What are the prime factors of 21192?
2, 3, 883
List the prime factors of 3137.
3137
What are the prime factors of 5749?
5749
What are the prime factors of 26204?
2, 6551
What are the prime factors of 79559?
79559
What are the prime factors of 112695?
3, 5, 11, 683
What are the prime factors of 1146?
2, 3, 191
List the prime factors of 35014.
2, 7, 41, 61
What are the prime factors of 2863?
7, 409
What are the prime factors of 371?
7, 53
List the prime factors of 5864.
2, 733
List the prime factors of 37188.
2, 3, 1033
List the prime factors of 16681.
7, 2383
What are the prime factors of 494?
2, 13, 19
What are the prime factors of 643?
643
List the prime factors of 2526.
2, 3, 421
List the prime factors of 1820.
2, 5, 7, 13
What are the prime factors of 7612?
2, 11, 173
What are the prime factors of 6410?
2, 5, 641
What are the prime factors of 10735?
5, 19, 113
What are the prime factors of 5127?
3, 1709
List the prime factors of 88824.
2, 3, 3701
List the prime factors of 73.
73
List the prime factors of 18391.
53, 347
List the prime factors of 21153.
3, 11, 641
What are the prime factors of 2524?
2, 631
List the prime factors of 147291.
3, 29, 1693
What are the prime factors of 40656?
2, 3, 7, 11
List the prime factors of 10467.
3, 1163
What are the prime factors of 56?
2, 7
List the prime factors of 70185.
3, 5, 4679
List the prime factors of 4062.
2, 3, 677
What are the prime factors of 1468?
2, 367
List the prime factors of 28798.
2, 7, 11, 17
What are the prime factors of 35465?
5, 41, 173
List the prime factors of 1392.
2, 3, 29
What are the prime factors of 28668?
2, 3, 2389
What are the prime factors of 21644?
2, 7, 773
List the prime factors of 107137.
107137
List the prime factors of 53987.
53987
What are the prime factors of 10443?
3, 59
List the prime factors of 13213.
73, 181
What are the prime factors of 6125?
5, 7
List the prime factors of 2372.
2, 593
What are the prime factors of 12356?
2, 3089
What are the prime factors of 2817?
3, 313
List the prime factors of 18562.
2, 9281
List the prime factors of 18265.
5, 13, 281
List the prime factors of 129269.
7, 59, 313
What are the prime factors of 21985?
5, 4397
List the prime factors of 31994.
2, 17, 941
What are the prime factors of 54582?
2, 3, 11, 827
What are the prime factors of 22652?
2, 7, 809
What are the prime factors of 458?
2, 229
List the prime factors of 336.
2, 3, 7
What are the prime factors of 3296?
2, 103
What are the prime factors of 45529?
11, 4139
List the prime factors of 11372.
2, 2843
List the prime factors of 66088.
2, 11, 751
List the prime factors of 6378.
2, 3, 1063
What are the prime factors of 587?
587
List the prime factors of 441.
3, 7
List the prime factors of 123.
3, 41
List the prime factors of 804.
2, 3, 67
What are the prime factors of 1846?
2, 13, 71
List the prime factors of 756.
2, 3, 7
What are the prime factors of 2158?
2, 13, 83
List the prime factors of 10571.
11, 31
List the prime factors of 6228.
2, 3, 173
List the prime factors of 10104.
2, 3, 421
What are the prime factors of 2704?
2, 13
List the prime factors of 5605.
5, 19, 59
List the prime factors of 740.
2, 5, 37
What are the prime factors of 66?
2, 3, 11
List the prime factors of 1634.
2, 19, 43
List the prime factors of 1949.
1949
What are the prime factors of 1832?
2, 229
What are the prime factors of 1699?
1699
What are the prime factors of 10449?
3, 43
What are the prime factors of 71495?
5, 79, 181
List the prime factors of 17736.
2, 3, 739
List the prime factors of 56664.
2, 3, 787
What are the prime factors of 24497?
11, 17, 131
List the prime factors of 31021.
67, 463
What are the prime factors of 7750?
2, 5, 31
What are the prime factors of 1529?
11, 139
List the prime factors of 323.
17, 19
List the prime factors of 6797.
7, 971
What are the prime factors of 2234?
2, 1117
What are the prime factors of 43734?
2, 3, 37, 197
What are the prime factors of 10215?
3, 5, 227
What are the prime factors of 7?
7
List the prime factors of 3774.
2, 3, 17, 37
List the prime factors of 8586.
2, 3, 53
What are the prime factors of 70251?
3, 23417
List the prime factors of 261.
3, 29
What are the prime factors of 73634?
2, 11, 3347
List the prime factors of 878.
2, 439
List the prime factors of 44142.
2, 3, 7, 1051
Wh